e prime factors of 223695525.
3, 5, 37, 80611
What are the prime factors of 1111720756?
2, 557, 498977
List the prime factors of 75839652.
2, 3, 7, 17, 281
List the prime factors of 4584910.
2, 5, 11, 41681
What are the prime factors of 39216043?
43, 701, 1301
What are the prime factors of 131993095?
5, 13, 19, 106877
List the prime factors of 31140129.
3, 10380043
List the prime factors of 36430614.
2, 3, 11, 61331
List the prime factors of 390599911.
13, 30046147
List the prime factors of 2532403067.
263, 9628909
What are the prime factors of 1098208123?
59, 569, 32713
List the prime factors of 209496285.
3, 5, 4655473
List the prime factors of 21157596.
2, 3, 587711
What are the prime factors of 25222082?
2, 19, 383, 1733
List the prime factors of 726842557.
7, 103834651
List the prime factors of 3968433.
3, 7, 2333
What are the prime factors of 6571022386?
2, 373, 547, 16103
What are the prime factors of 51506131?
19, 23, 43, 2741
List the prime factors of 14419943.
2609, 5527
What are the prime factors of 51611162?
2, 593, 43517
List the prime factors of 202388358.
2, 3, 43, 784451
List the prime factors of 2201943624.
2, 3, 91747651
What are the prime factors of 592361583?
3, 11, 17, 193, 5471
List the prime factors of 2131798778.
2, 1065899389
What are the prime factors of 34195152?
2, 3, 631, 1129
List the prime factors of 981126376.
2, 29, 4228993
What are the prime factors of 579891850?
2, 5, 107, 1013
List the prime factors of 9637481.
7, 67, 20549
List the prime factors of 9878711.
191, 51721
What are the prime factors of 156832108?
2, 449, 87323
What are the prime factors of 32907766?
2, 79, 208277
List the prime factors of 300582577.
300582577
List the prime factors of 5033280295.
5, 1006656059
What are the prime factors of 41688332?
2, 7, 1488869
List the prime factors of 190405317.
3, 31, 2047369
What are the prime factors of 1400224115?
5, 37, 1277, 5927
What are the prime factors of 6071766207?
3, 13, 2593, 60041
What are the prime factors of 2643270795?
3, 5, 11, 743, 7187
What are the prime factors of 31306743?
3, 13, 2287
List the prime factors of 38204183.
31, 1232393
What are the prime factors of 41469729?
3, 7, 191, 211
What are the prime factors of 207791250?
2, 3, 5, 55411
What are the prime factors of 733805274?
2, 3, 1619, 75541
What are the prime factors of 4109232537?
3, 17, 26857729
What are the prime factors of 2108267676?
2, 3, 23, 282913
What are the prime factors of 27151130?
2, 5, 2715113
List the prime factors of 111833379.
3, 7, 59, 3343
What are the prime factors of 232003489?
131, 683, 2593
What are the prime factors of 426510565?
5, 13, 797, 8233
What are the prime factors of 808950394?
2, 7, 31, 1863941
List the prime factors of 80478012.
2, 3, 23, 101, 2887
What are the prime factors of 2186142582?
2, 3, 13, 28027469
List the prime factors of 301832474.
2, 150916237
List the prime factors of 2975884914.
2, 3, 37, 13404887
List the prime factors of 928378180.
2, 5, 269, 172561
What are the prime factors of 26304114?
2, 3, 37, 47, 2521
List the prime factors of 333471180.
2, 3, 5, 7, 793979
What are the prime factors of 41264765?
5, 8252953
What are the prime factors of 617899148?
2, 154474787
List the prime factors of 163025814.
2, 3, 7, 19, 43, 4751
What are the prime factors of 611831341?
11, 55621031
List the prime factors of 431441098.
2, 11, 127, 154417
List the prime factors of 6185913348.
2, 3, 113, 4561883
What are the prime factors of 11626496?
2, 7, 811
What are the prime factors of 40177094?
2, 2531, 7937
What are the prime factors of 106096999?
23, 4612913
List the prime factors of 1628467630.
2, 5, 109, 293, 5099
List the prime factors of 99146625.
3, 5, 264391
What are the prime factors of 131228461?
7, 13, 1442071
List the prime factors of 531581280.
2, 3, 5, 47, 23563
List the prime factors of 7709510339.
19447, 396437
List the prime factors of 10485977.
10485977
List the prime factors of 2309512671.
3, 43, 263, 22691
List the prime factors of 38987123.
7, 5569589
What are the prime factors of 270708463?
270708463
List the prime factors of 111729027.
3, 6043, 6163
What are the prime factors of 236881626?
2, 3, 19, 2077909
List the prime factors of 634726817.
634726817
List the prime factors of 359299136.
2, 7, 802007
List the prime factors of 1630114889.
13, 167, 607, 1237
List the prime factors of 138670186.
2, 69335093
List the prime factors of 141362138.
2, 3547, 19927
What are the prime factors of 170713048?
2, 11, 17, 114113
List the prime factors of 370130627.
43, 8607689
What are the prime factors of 260091989?
239, 1088251
What are the prime factors of 1045798480?
2, 5, 41, 318841
List the prime factors of 42301006.
2, 11, 1922773
List the prime factors of 245806915.
5, 5051, 9733
What are the prime factors of 93057179?
93057179
What are the prime factors of 19306709?
151, 127859
What are the prime factors of 26444297?
11, 53, 67, 677
List the prime factors of 1091920124.
2, 23, 11868697
List the prime factors of 186021336.
2, 3, 59, 131371
List the prime factors of 181843173.
3, 43, 469879
List the prime factors of 1536150.
2, 3, 5, 7, 11, 19
What are the prime factors of 59188748?
2, 41, 360907
List the prime factors of 1183627275.
3, 5, 31, 509087
List the prime factors of 206313139.
17, 3359, 3613
What are the prime factors of 8391100273?
283, 29650531
What are the prime factors of 28533759?
3, 67, 141959
What are the prime factors of 292390970?
2, 5, 43, 373, 1823
List the prime factors of 37476906.
2, 3, 6246151
List the prime factors of 411081751.
411081751
What are the prime factors of 54895835?
5, 157, 69931
List the prime factors of 936316228.
2, 37, 43, 167, 881
What are the prime factors of 682575981?
3, 83, 2741269
List the prime factors of 15459724.
2, 7, 283, 1951
List the prime factors of 5243449227.
3, 1747816409
List the prime factors of 247369938.
2, 3, 37, 293, 3803
List the prime factors of 1781412924.
2, 3, 148451077
What are the prime factors of 103053307?
7, 14721901
List the prime factors of 4841979498.
2, 3, 191, 469457
What are the prime factors of 169593440?
2, 5, 71, 14929
What are the prime factors of 642987174?
2, 3, 41, 2613769
List the prime factors of 7936801.
7936801
List the prime factors of 347177089.
7, 1733, 28619
List the prime factors of 3577666057.
7, 73013593
What are the prime factors of 21470886?
2, 3, 223, 1783
What are the prime factors of 1425366162?
2, 3, 11, 1613, 4463
What are the prime factors of 878723469?
3, 13, 739, 10163
What are the prime factors of 269383437?
3, 29931493
What are the prime factors of 62331570?
2, 3, 5, 7, 98939
What are the prime factors of 6564500?
2, 5, 19, 691
What are the prime factors of 3278047814?
2, 17, 23, 191, 1291
What are the prime factors of 103925074?
2, 11, 461, 10247
What are the prime factors of 695564008?
2, 19, 157, 29147
What are the prime factors of 490826590?
2, 5, 67, 599, 1223
What are the prime factors of 200277132?
2, 3, 11, 29, 113, 463
List the prime factors of 19004629.
7, 2714947
What are the prime factors of 424563668?
2, 106140917
What are the prime factors of 107451863?
107451863
What are the prime factors of 54885112?
2, 17, 403567
List the prime factors of 6008768.
2, 93887
List the prime factors of 66353392.
2, 7, 29, 31, 659
List the prime factors of 9246100.
2, 5, 92461
List the prime factors of 94246739.
6359, 14821
What are the prime factors of 123831658?
2, 43, 1439903
List the prime factors of 135762840.
2, 3, 5, 149, 2531
What are the prime factors of 773719564?
2, 193429891
List the prime factors of 20968086.
2, 3, 3494681
What are the prime factors of 1212005445?
3, 5, 7, 1648987
What are the prime factors of 35879594?
2, 1217, 14741
List the prime factors of 37425972.
2, 3, 19, 164149
What are the prime factors of 118601985?
3, 5, 7906799
What are the prime factors of 140056062?
2, 3, 23, 109, 9311
What are the prime factors of 7591298822?
2, 3795649411
What are the prime factors of 68025303?
3, 7558367
List the prime factors of 318072778.
2, 159036389
What are the prime factors of 84080651?
103, 816317
What are the prime factors of 1021600411?
13, 97, 810151
What are the prime factors of 6967398?
2, 3, 1161233
What are the prime factors of 1274592344?
2,